.
22
What is the remainder when (-4)/(-6) + (-2 - (-762)/18) is divided by 14?
13
Let k = -60 + 66. Calculate the remainder when 98/6 - 1/3 is divided by k.
4
Let m = 2 + 0. Calculate the remainder when (-234)/(-5) + m/10 is divided by 16.
15
Suppose -5*x - 121 = 2*a - 23, 3*x = 3*a + 105. Let n = a - -61. What is the remainder when 42 is divided by n?
20
Let a = 12 + -7. Let h = 16 - a. Suppose 2*u - 2 = 0, -u = -3*r - 0*u + 62. What is the remainder when r is divided by h?
10
Let s(l) = l**2 - 4*l + 2. Suppose 5*g + 3*a - 46 = 0, -3*a = -4*g - 12 + 38. What is the remainder when 99 is divided by s(g)?
31
Let t(r) = -r**2 - 9*r + 5. Calculate the remainder when 35 is divided by t(-8).
9
Let c = 152 + -146. Calculate the remainder when 27 is divided by c.
3
Let l be (-3)/((-20)/8 - -3). Calculate the remainder when 7 is divided by (-39)/l - 15/10.
2
Suppose g + 12*g = 208. What is the remainder when 46 is divided by g?
14
Let t(v) = 2*v + 47. Calculate the remainder when (-4)/(-2) + 22*1 is divided by t(-19).
6
Let y(o) = o**3 + 4*o**2 - 1. Let g be y(-5). Let l = g + 40. Calculate the remainder when l is divided by 4.
2
Suppose -4*p + 38 = -2*p. Suppose -6*b + b = -50. Calculate the remainder when p is divided by b.
9
Let t be 33/2 - (-1)/2. Let y = t - 9. Let w(m) = -m**3 + 6*m**2 + 8*m - 4. Calculate the remainder when y is divided by w(7).
2
Suppose 0 = -5*v - 47 - 53. Suppose -62 - 10 = -b. What is the remainder when (b/20)/((-6)/v) is divided by 7?
5
Let h(x) = -5*x + 2. Let w be h(-5). Let j = -4 + w. Suppose 4*c - 340 = -c. What is the remainder when c is divided by j?
22
Let r be 2/(-1 - (-15)/9). Let z(b) = -b**3 + 6*b**2 + 2. Let h = 14 - 4. Calculate the remainder when z(r) is divided by h.
9
Let w(k) = 62*k - 11. What is the remainder when w(2) is divided by 23?
21
Suppose 2*l = 4*l - 52. Calculate the remainder when 521/7 + 28/49 is divided by l.
23
Suppose -6*x = -4*x - 68. Calculate the remainder when x is divided by 9.
7
Let x be 65/6 - 2/(-12). Let b = x + -4. Calculate the remainder when 13 is divided by b.
6
Suppose -4*n + 28 = 5*v, v + n - 6*n + 6 = 0. Let l = 0 - -2. Suppose -5*y - l*s + s + 76 = 0, -v*y + s = -59. What is the remainder when 29 is divided by y?
14
Let c = 4 - -4. Suppose 3*z = 2*z. Let j = 15 - z. Calculate the remainder when j is divided by c.
7
Let n = 13 - 25. Let r = 17 + n. Suppose 5*m - 7 = -2*y, 3 + 5 = 3*m + r*y. Calculate the remainder when 1 is divided by m.
0
Let v(y) = y**2 - 7*y + 6. Let a be v(6). Let x = 2 + a. Suppose x*m - 66 - 4 = 0. What is the remainder when m is divided by 12?
11
Suppose -4*v = -12, 2*v = -2*n - 3*n + 26. Let a = -6 + n. Let r(y) = -7*y - 1. What is the remainder when 25 is divided by r(a)?
12
Let y = -7 + 11. Suppose -4*l = 2*o - 6 - 10, 0 = -5*o + y*l + 54. Calculate the remainder when o is divided by 3.
1
Let t = -10 + 17. Suppose -3*x + x = 5*r - 26, -3*r + 2*x + 6 = 0. Calculate the remainder when t is divided by r.
3
Let y(d) = 11*d**2 - d + 1. Let v = 87 + -68. What is the remainder when v is divided by y(1)?
8
Suppose 0 = -5*y + 42 + 88. Suppose 2*u - y = -6. Calculate the remainder when (-84)/(-3) + 2 + -2 is divided by u.
8
Let r = -23 - -38. Let v(c) = c**2 + 43. Calculate the remainder when v(0) is divided by r.
13
Let u(z) = z**2 + 20. Calculate the remainder when 177 is divided by u(0).
17
Let b(z) = -z**3 - z**2 + z + 3. Let g be b(0). What is the remainder when g/(1*3/21) is divided by 11?
10
Suppose 12 = 4*x - 24. Suppose -m = -4*c - 20, 2*c + x = -2*m + 39. What is the remainder when 29 is divided by m?
13
Let u(g) = -2*g**3 + 3*g**2 - g + 2. Let z be u(2). Let k(t) = -4*t + 5. What is the remainder when 61 is divided by k(z)?
19
Let m be (-20)/7*(-49)/14. Suppose f = 2, -p + f = -m + 3. Calculate the remainder when 35 is divided by p.
8
Suppose -244 - 166 = -2*x. Suppose -10 = 2*k, -5*a + x = -k + 40. Calculate the remainder when a is divided by 11.
10
Suppose -2*r = 4*d - 6*r - 60, -19 = -d + 5*r. Suppose 63 = 5*z + 2*f, -3*z = -2*z - f - d. Calculate the remainder when z is divided by 8.
5
Let u = 0 + 4. Let m = 4 - u. Suppose m = -5*j + 98 + 2. What is the remainder when 38 is divided by j?
18
Let u = -115 - -150. Suppose s - 2*j = -4*j + 108, -2*s + 2*j + 198 = 0. What is the remainder when s is divided by u?
32
Let z(u) = u**3 + u. Let k(f) = 10*f**3 + f**2 + 5*f. Let j(d) = k(d) - 5*z(d). What is the remainder when -1*(-12)/1 + -2 is divided by j(1)?
4
Let z = 1723 + -876. Calculate the remainder when 7 is divided by (-2)/15 + z/165.
2
Suppose 0 = -7*y + y + 150. What is the remainder when y is divided by 7?
4
Let q = 39 + -21. What is the remainder when 35 is divided by q?
17
Suppose -4*p + 10 + 6 = 0. Suppose 5 = -3*k + 14, -2*w - 3 = -3*k. What is the remainder when p is divided by w?
1
Let c(d) = 21*d + 11*d - 4*d. Let p be c(1). Let i = 42 - p. What is the remainder when i is divided by 8?
6
Suppose 36 = d - 2*g + g, 0 = 5*d - g - 180. What is the remainder when 178 is divided by d?
34
Let q = -68 + 122. Let o = -36 + q. Calculate the remainder when o is divided by 10.
8
Let g be (-2 + 0)/(5/10). Let p(q) = 2*q**2 + 5*q - 4. Suppose 0 = -4*l + 33 + 55. Calculate the remainder when l is divided by p(g).
6
Suppose 5*v - 4*j + 11 = 37, 0 = v - j - 6. Let b(h) = h**3 + 11*h**2 + 3. What is the remainder when b(-11) is divided by v?
1
Suppose -2*h + 6 = s - 4*h, -s - 4*h - 18 = 0. Let u be (-2)/(-2) + 2/s. Let r(i) = -i**3 + i**2 + i + 8. Calculate the remainder when 23 is divided by r(u).
7
Let w be 12/30 - 128/(-5). Suppose -1 = t + 5*d, -2*t + 4*t = 4*d + w. Calculate the remainder when 17 is divided by t.
8
Let v(p) be the first derivative of 2*p**2 + p + 2. Let w be v(-7). Calculate the remainder when (-1)/(((-6)/w)/(-2)) is divided by 5.
4
What is the remainder when 87 is divided by -2 + 21 - 10/10?
15
Suppose -3*n - 113 = -3*c - 2*c, c + 2*n = 33. What is the remainder when 49 is divided by c?
24
Let k = -39 + 54. Calculate the remainder when 43 is divided by k.
13
Suppose -5*l = -3*l - 40. Suppose -3*u + 5*r + 227 = u, -r - 231 = -4*u. What is the remainder when u is divided by l?
18
Let j = 15 + -21. Let k = 1 - j. Calculate the remainder when k is divided by 5 + -2 + 0 + 0.
1
Let k(u) = -2*u + 4. Let g(m) = 2*m**3 - 8*m**2 + 7*m - 7. Calculate the remainder when g(5) is divided by k(-8).
18
Suppose -5*l - 8 = -l. Let t be 10/1*1 - l. Suppose 6*r = 2*r + 5*w + 21, -2*r + t = -2*w. What is the remainder when r is divided by 5?
4
Let l = 86 + -42. Suppose -3*o = 3*u - 5*u - 32, -4*o + 2*u = -l. What is the remainder when 22 is divided by o?
10
Suppose 5 = -u + 7. Suppose -4*g + u*y + 0*y = -66, 5*g = 3*y + 81. What is the remainder when g is divided by 5?
3
Let z(q) = -q**3 + 5*q**2 + 5*q + 4. What is the remainder when 115 is divided by z(5)?
28
Let m(h) = -h**2 - 5*h + 6. Let g be m(-6). Suppose i - 15 = -4*i. Calculate the remainder when 20 + i/(1 - g) is divided by 12.
11
Let w(a) = -a**3 - 4*a**2 - 4*a + 1. Let d(u) = -u**2 + 7*u - 2. Let z = -9 - -13. What is the remainder when d(z) is divided by w(-3)?
2
Let m(s) be the first derivative of 2*s**3/3 + 2*s**2 + 2*s - 2. Let f be m(-2). What is the remainder when 8 is divided by -2 + 2 + f + 3?
3
Suppose 172 = 5*u + 57. Calculate the remainder when u is divided by 5.
3
Suppose i - 43 - 15 = 0. What is the remainder when i is divided by 5?
3
Suppose -3*h + 35 - 5 = 0. Calculate the remainder when 149 is divided by h.
9
Let j(s) = 4*s**2 - s. Let d be j(-1). Suppose -3*w + 8*w - d = -5*y, 2 = -y. Calculate the remainder when 4 is divided by w.
1
What is the remainder when (1 - -13)*(-77)/(-14) is divided by 16?
13
Suppose 3*f - 27 = -3*y - 0*f, -2*f - 17 = -3*y. Calculate the remainder when 33 is divided by y.
5
Suppose 3*a - 174 = -3*h - 0*h, 4*a + 2*h = 234. What is the remainder when a is divided by (-186)/(-9) - (-2)/(-3)?
19
Let w(n) = -4*n - 3. Let f(j) = -21*j - 16. Let t(s) = -2*f(s) + 11*w(s). Calculate the remainder when 27 is divided by t(-4).
6
Suppose -65 = -3*i - 4*p, 95 = 5*i + 3*p + p. Calculate the remainder when i is divided by 6.
3
Suppose -3*o - 3 = 12. Let l = 9 + o. Suppose 4 = -l*g + 96. Calculate the remainder when g is divided by 8.
7
Suppose 0 = 8*p - 7*